{"id":2,"date":"2014-02-10T18:48:09","date_gmt":"2014-02-10T17:48:09","guid":{"rendered":"http:\/\/descartesjs.org\/documentacion\/?page_id=2"},"modified":"2020-08-29T18:12:50","modified_gmt":"2020-08-29T17:12:50","slug":"pagina-ejemplo","status":"publish","type":"page","link":"https:\/\/reddescartes.org\/documentacion\/","title":{"rendered":"Inicio"},"content":{"rendered":"<h1 style=\"text-align: center;\">&nbsp;&nbsp;Documentaci\u00f3n t\u00e9cnica y de usuario de <em>Descartes v5<\/em><\/h1>\n<p><img class=\"size-medium wp-image-2368 aligncenter\" src=\"https:\/\/descartesjs.org\/documentacion\/wp-content\/uploads\/2014\/02\/descartes_685x180-300x78.png\" alt=\"Descartes\" width=\"300\" height=\"78\" srcset=\"https:\/\/reddescartes.org\/documentacion\/wp-content\/uploads\/2014\/02\/descartes_685x180-300x78.png 300w, https:\/\/reddescartes.org\/documentacion\/wp-content\/uploads\/2014\/02\/descartes_685x180.png 685w\" sizes=\"(max-width: 300px) 100vw, 300px\" \/><\/p>\n<p>Esta documentaci\u00f3n puede consultarse esencialmente de dos formas:<\/p>\n<table>\n<tbody>\n<tr>\n<td>1.Usando las posibilidades y funcionalidades que aporta este blog:<\/p>\n<ul>\n<li>Men\u00fa ubicado en la parte superior.<\/li>\n<li>Buscador de palabras<\/li>\n<li>Men\u00fa de selecci\u00f3n de categor\u00edas.<\/li>\n<li>Selecci\u00f3n en la nube de etiquetas.<\/li>\n<li>Entradas recientes.<\/li>\n<\/ul>\n<\/td>\n<td>2. Accediendo a&nbsp;<a href=\"http:\/\/descartesjs.org\/documentacion\/?p=1480\">este art\u00edculo<\/a>&nbsp;que aporta un \u00edndice secuencial de contenidos.<a href=\"http:\/\/descartesjs.org\/documentacion\/?p=1480\"><img class=\"size-full wp-image-2356 aligncenter\" src=\"https:\/\/descartesjs.org\/documentacion\/wp-content\/uploads\/2014\/02\/documenta_a.png\" alt=\"\u00cdndice secuencial\" width=\"72\" height=\"72\"><\/a><\/td>\n<\/tr>\n<\/tbody>\n<\/table>\n<p style=\"text-align: center;\"><a href=\"http:\/\/descartesjs.org\/documentacion\/wp-content\/uploads\/2014\/02\/descartesJS1.png\"><img class=\"wp-image-79 size-full\" src=\"https:\/\/descartesjs.org\/documentacion\/wp-content\/uploads\/2014\/02\/descartesJS1.png\" alt=\"descartesJS\" width=\"170\" height=\"75\"><\/a><\/p>\n<p>DescartesJS es un int\u00e9rprete de la herramienta de autor denominada Descartes que permite ver e interactuar con las escenas sin m\u00e1s que usar un navegador compatible con HTML5. El sufijo JS procede de JavaScript, c\u00f3digo en el que est\u00e1 desarrollado.&nbsp;Al ser compatible HTML5 todas las escenas son visibles y completamente operativas en ordenadores, tabletas y&nbsp;<em>smartphones<\/em> independientemente del sistema operativo que porten.<\/p>\n<p style=\"text-align: center;\">__________________________________________<\/p>\n<p>Actualmente el desarrollo y mantenimiento de Descartes y DescartesJS est\u00e1n promovidos y soportados por:<\/p>\n<table>\n<tbody>\n<tr>\n<td><a href=\"http:\/\/descartesjs.org\/documentacion\/wp-content\/uploads\/2014\/02\/arquimedes.jpg\"><img class=\"size-full wp-image-2618 aligncenter\" src=\"https:\/\/descartesjs.org\/documentacion\/wp-content\/uploads\/2014\/02\/arquimedes.jpg\" alt=\"Arqu\u00edmedes\" width=\"68\" height=\"72\"><\/a><\/td>\n<td>Jos\u00e9 Luis Abreu Le\u00f3n, proyecto Arqu\u00edmedes&nbsp;<a href=\"http:\/\/arquimedes.matem.unam.mx\/\" target=\"_blank\" rel=\"noopener noreferrer\">arquimedes.matem.unam.mx<\/a><\/td>\n<\/tr>\n<tr>\n<td style=\"text-align: center;\">&nbsp;<a href=\"http:\/\/descartesjs.org\/documentacion\/wp-content\/uploads\/2014\/02\/imate.png\"><img class=\"size-full wp-image-2619 alignnone\" src=\"https:\/\/descartesjs.org\/documentacion\/wp-content\/uploads\/2014\/02\/imate.png\" alt=\"Instituto de Matem\u00e1ticas de la UNAM\" width=\"74\" height=\"72\"><\/a><\/td>\n<td>Instituto de Matem\u00e1ticas de la UNAM&nbsp;<a href=\"http:\/\/www.matem.unam.mx\/\" target=\"_blank\" rel=\"noopener noreferrer\">matem.unam.mx<\/a><\/td>\n<\/tr>\n<tr>\n<td style=\"text-align: center;\">&nbsp;<a href=\"http:\/\/descartesjs.org\/documentacion\/wp-content\/uploads\/2014\/02\/unam.jpg\"><img class=\"size-full wp-image-2620\" src=\"https:\/\/descartesjs.org\/documentacion\/wp-content\/uploads\/2014\/02\/unam.jpg\" alt=\"Universidad Nacional Aut\u00f3noma de M\u00e9xico\" width=\"65\" height=\"72\"><\/a><\/td>\n<td>Universidad Nacional Aut\u00f3noma de M\u00e9xico&nbsp;<a href=\"http:\/\/www.unam.mx\/\" target=\"_blank\" rel=\"noopener noreferrer\">unam.mx<\/a><\/td>\n<\/tr>\n<tr>\n<td><a href=\"http:\/\/descartesjs.org\/documentacion\/wp-content\/uploads\/2014\/02\/lite.jpg\"><img class=\"size-full wp-image-2621 aligncenter\" src=\"https:\/\/descartesjs.org\/documentacion\/wp-content\/uploads\/2014\/02\/lite.jpg\" alt=\"Laboratorio de Innovaci\u00f3n en Tecnolog\u00edas Educativas. M\u00e9xico\" width=\"123\" height=\"72\"><\/a><\/td>\n<td>Laboratorio de Innovaci\u00f3n en Tecnolog\u00edas Educativas. M\u00e9xico&nbsp;<a href=\"http:\/\/lite.org.mx\/\" target=\"_blank\" rel=\"noopener noreferrer\">lite.org.mx<\/a><\/td>\n<\/tr>\n<tr>\n<td><a href=\"http:\/\/descartesjs.org\/documentacion\/wp-content\/uploads\/2014\/02\/red_descartes.png\"><img class=\"size-full wp-image-2622 aligncenter\" src=\"https:\/\/descartesjs.org\/documentacion\/wp-content\/uploads\/2014\/02\/red_descartes.png\" alt=\"Red Educativa Digital Descartes\" width=\"259\" height=\"72\"><\/a><\/td>\n<td>Red Educativa Digital Descartes&nbsp;<a href=\"http:\/\/proyectodescartes.org\" target=\"_blank\" rel=\"noopener noreferrer\">proyectodescartes.org<\/a><\/td>\n<\/tr>\n<tr>\n<td><a href=\"http:\/\/descartesjs.org\/documentacion\/wp-content\/uploads\/2014\/02\/logoredcol.png\"><img class=\"size-full wp-image-2623 aligncenter\" src=\"https:\/\/descartesjs.org\/documentacion\/wp-content\/uploads\/2014\/02\/logoredcol.png\" alt=\"Red Educativa Digital Descartes Colombia\" width=\"147\" height=\"72\"><\/a><\/td>\n<td>Red Educativa Digital Descartes Colombia&nbsp;<a href=\"http:\/\/coldescartes.org\" target=\"_blank\" rel=\"noopener noreferrer\">coldescartes.org<\/a><\/td>\n<\/tr>\n<tr>\n<td><a href=\"http:\/\/descartesjs.org\/documentacion\/wp-content\/uploads\/2014\/02\/IUPascualBravo.png\"><img class=\"size-full wp-image-2633 aligncenter\" src=\"https:\/\/descartesjs.org\/documentacion\/wp-content\/uploads\/2014\/02\/IUPascualBravo.png\" alt=\"Instituci\u00f3n Universitaria Pascual Bravo. Medell\u00edn (Colombia) \" width=\"61\" height=\"72\"><\/a><\/td>\n<td>Instituci\u00f3n Universitaria Pascual Bravo. Medell\u00edn (Colombia)&nbsp;<a href=\"http:\/\/www.pascualbravo.edu.co\/\" target=\"_blank\" rel=\"noopener noreferrer\">pascualbravo.edu.co<\/a><\/td>\n<\/tr>\n<\/tbody>\n<\/table>\n<p style=\"text-align: center;\">&nbsp;__________________________________________<\/p>\n<p style=\"text-align: left;\">Los cr\u00e9ditos de la herramienta Descartes son los reflejados a continuaci\u00f3n:<\/p>\n<p style=\"text-align: center;\">\n<!-- iframe plugin v.4.5 wordpress.org\/plugins\/iframe\/ -->\n<iframe src=\"https:\/\/arquimedes.matem.unam.mx\/Descartes5\/creditos\/sinCCL.html\" width=\"700\" height=\"400\" scrolling=\"yes\" class=\"iframe-class\" frameborder=\"0\"><\/iframe>\n<\/p>\n<p style=\"text-align: center;\">__________________________________________<\/p>\n","protected":false},"excerpt":{"rendered":"<p>&nbsp;&nbsp;Documentaci\u00f3n t\u00e9cnica y de usuario de Descartes v5 Esta documentaci\u00f3n puede consultarse esencialmente de dos formas: 1.Usando las posibilidades y funcionalidades que aporta este blog: Men\u00fa ubicado en la parte superior. Buscador de palabras Men\u00fa de selecci\u00f3n de categor\u00edas. Selecci\u00f3n en la nube de etiquetas. Entradas recientes. 2. Accediendo a&nbsp;este art\u00edculo&nbsp;que aporta un \u00edndice secuencial de contenidos. DescartesJS es un int\u00e9rprete de la herramienta de autor denominada Descartes que permite ver e interactuar con las escenas sin m\u00e1s que usar un navegador compatible con HTML5. El sufijo JS procede de JavaScript, c\u00f3digo en el que est\u00e1 desarrollado.&nbsp;Al ser compatible HTML5<\/p>\n<a class=\"more-link\" rel=\"nofollow\" href=\"https:\/\/reddescartes.org\/documentacion\/\">[Leer m\u00e1s...]<\/a>","protected":false},"author":1,"featured_media":0,"parent":0,"menu_order":0,"comment_status":"closed","ping_status":"closed","template":"","meta":[],"_links":{"self":[{"href":"https:\/\/reddescartes.org\/documentacion\/wp-json\/wp\/v2\/pages\/2"}],"collection":[{"href":"https:\/\/reddescartes.org\/documentacion\/wp-json\/wp\/v2\/pages"}],"about":[{"href":"https:\/\/reddescartes.org\/documentacion\/wp-json\/wp\/v2\/types\/page"}],"author":[{"embeddable":true,"href":"https:\/\/reddescartes.org\/documentacion\/wp-json\/wp\/v2\/users\/1"}],"replies":[{"embeddable":true,"href":"https:\/\/reddescartes.org\/documentacion\/wp-json\/wp\/v2\/comments?post=2"}],"version-history":[{"count":48,"href":"https:\/\/reddescartes.org\/documentacion\/wp-json\/wp\/v2\/pages\/2\/revisions"}],"predecessor-version":[{"id":24,"href":"https:\/\/reddescartes.org\/documentacion\/wp-json\/wp\/v2\/pages\/2\/revisions\/24"}],"wp:attachment":[{"href":"https:\/\/reddescartes.org\/documentacion\/wp-json\/wp\/v2\/media?parent=2"}],"curies":[{"name":"wp","href":"https:\/\/api.w.org\/{rel}","templated":true}]}}